*3 - 4*f**2 - 5*f. Let z be b(5). Suppose -5*q - r + 79 = 0, 0 = -2*q + 5*r - z*r + 37. What is the units digit of q?
6
Suppose 0 = t - 99 - 75. Suppose -t + 54 = -3*n. Let q = -29 + n. What is the units digit of q?
1
What is the tens digit of 3 + 65 - 36/(-9)?
7
Let z(g) = 12*g + 3. What is the units digit of z(2)?
7
Suppose -c - 5 - 1 = n, -4*n - 20 = 3*c. Let v be -3 - (2 + (-3 - n)). What is the units digit of v/(2/(-1)) + 0?
2
Let m(g) = 0*g + 6*g - 4*g - 11. Let p be m(8). Suppose 2*s + 4 = -p*a, -28 = -2*s + s + 5*a. What is the units digit of s?
8
Let u = 66 - 26. What is the units digit of u?
0
Let z(c) be the third derivative of c**4/12 - c**3/6 + 3*c**2. What is the tens digit of z(8)?
1
Let p = -133 - -233. What is the hundreds digit of p?
1
Let q(j) = -j**2. Let b(r) = -r**3 + r**2 + 8*r + 9. Let i(d) = -b(d) - 6*q(d). What is the units digit of i(-6)?
3
Let u(l) = -l**2 - 6*l - 1. Let p be u(-5). Suppose -52 = -p*x - 0. What is the tens digit of x?
1
Let a = 4 + 1. Suppose -126 = -a*s - 21. What is the units digit of s?
1
Suppose 155 = 3*d - 0*p - p, -2*d - p + 95 = 0. What is the units digit of d?
0
Let b = -15 + 29. Let l = 29 + b. Let r = l - 26. What is the units digit of r?
7
Suppose -3*h + 5*r + 34 = 5, 2*r = 5*h - 23. Suppose -h = g - 8. What is the units digit of g?
5
Let z = -2 - -4. Suppose 0 = 2*y - y - 24. Suppose z*a + y = 4*a. What is the tens digit of a?
1
Let i(k) = -k**3 + 2*k**2 + 3*k + 2. What is the units digit of i(3)?
2
What is the units digit of 44 - 3*(3/3)/(-3)?
5
Suppose 2*t - 2*a - 232 = 3*a, a + 557 = 5*t. What is the units digit of t?
1
Suppose 0 = -4*x + 8*x - 20. Suppose -5*t + 20 = 0, -3*n + 3*t - x = -26. What is the tens digit of n?
1
Let w = 6 - 3. Let g = 21 - w. What is the tens digit of g?
1
Suppose -2*z - 2 = 2*i, z + 5*i + 9 = -2*z. Suppose -4 + 25 = 3*a - 3*x, z*a = -2*x + 10. What is the units digit of a?
6
What is the tens digit of (-3)/(-15) + 198/10?
2
Suppose 2*o = -3*p + 53, -3*o + 2*p + 3*p + 51 = 0. What is the units digit of o?
2
Suppose 0 = 2*t - 4*t + 3*m + 3, 4*t + 2*m + 2 = 0. Suppose o - 4 = -t. What is the units digit of -1*o/(-10)*35?
4
Let n be ((-9)/3)/1 - -4. What is the units digit of (0 + n)/(7/21)?
3
Suppose -9 = -w - 2*w. Suppose -4*j + 26 = 2*v - 8*j, v - 4*j - w = 0. What is the units digit of v?
3
Let t(r) = r**2 + r + 13. Let y be t(0). Let v be (-38)/4*-2*1. Let z = v - y. What is the units digit of z?
6
Let q = 9 + -4. Suppose -q*l + 0*l - 13 = 2*p, l = -3*p. Suppose -p = t - 11. What is the units digit of t?
0
Let p(v) = 6*v - 25. What is the units digit of p(6)?
1
Let m be 0/((2 - 5) + 1). Let t be (m*(-1)/2)/(-2). Suppose 0 = 3*b + 4*o - 65, t = -0*b + b + o - 20. What is the units digit of b?
5
Suppose -2*h = -h. What is the units digit of 5 + 1/3*h?
5
Let i be 0 - -1 - (-2 - -1). What is the units digit of i/(-9) - (-145)/45?
3
Let f = -3 - -8. Suppose 0 = -f*z + 2*l + 116, -2*l - 10 = -z - 6*l. What is the tens digit of z?
2
Suppose 3*f - 4*o + 12 = 0, -2*f + 3*o + 0 = 8. Let h = f + 7. Suppose -h*k - 21 = -3*c, 2*c - 3*k - 24 = k. What is the units digit of c?
2
Suppose y + 3*y = 0. Suppose y*c = c - 10. What is the units digit of c?
0
Suppose 25 = 5*g + 5*m, -5 = g - 2*m - 4. Suppose 3 = w - g*d - 10, 0 = 3*w + 4*d - 65. Let y = w - 13. What is the units digit of y?
6
Let w(a) = 24*a - 12. What is the tens digit of w(5)?
0
Let r be 5/(-10)*4/(-2). Suppose c + r = 6. Let b(u) = u**3 - 4*u**2 - 3*u. What is the tens digit of b(c)?
1
Suppose 3 = -5*q + 23. Suppose q*k + 4 - 36 = 0. What is the units digit of k?
8
What is the units digit of (18/15)/((-14)/(-35))*3?
9
Let c be (-1)/(-4) - 14/(-8). Let s(n) = -3*n**3 + 2*n**2 + 2*n - 1. Let w be s(c). Let t = w - -21. What is the units digit of t?
8
Let l be 90/(-25) + 6/10. Let h = -6 - l. Let d(u) = -2*u - 2. What is the units digit of d(h)?
4
Let o be 1/(-1) + 2 + 5. Let q(x) = -x**2 + 5*x + 8. Let r be q(o). Let v = r - 0. What is the units digit of v?
2
Let r(q) = q**3 - 17*q**2 + 15*q + 23. What is the units digit of r(16)?
7
Let y(b) = -5*b - 3. Let l be y(-4). Suppose 103 + l = 5*f - 3*d, 0 = -3*f - 3*d + 48. What is the tens digit of f?
2
Suppose -4*m + h = -3*m - 1, 5*h - 25 = -5*m. Let g(l) = 3*l**2 - 4*l**3 + 5*l - 2 + 0 + m*l**3. What is the tens digit of g(3)?
1
What is the units digit of (45/(-15))/(6/(-10))?
5
Suppose -4*i = -5*d + 16, -16 = -4*i - d - 2*d. Let r = i + -3. What is the units digit of 1 + (0 - 2/r)?
2
Suppose 2*r - 398 = 2*p, 2*r - 4*p = 5*r - 597. What is the units digit of r?
9
Suppose 0 = 3*k, r + 5*k - 20 - 19 = 0. Suppose -4*u + r = -25. What is the units digit of u?
6
What is the tens digit of (-2)/(-5) + (-2979)/(-15)?
9
Let i(o) = 4*o - 5. Let y(v) = -v + 1. Let n(a) = -2*i(a) - 9*y(a). Let s be n(2). Suppose -4*b + 1 + s = 0. What is the units digit of b?
1
Suppose 3*i + 4*u = 6*u + 113, -5*u = -i + 42. What is the units digit of i?
7
Let t(v) = 157*v - 15. What is the units digit of t(1)?
2
Suppose -2*o = 74 + 10. Let h = 59 + o. What is the tens digit of h?
1
Let q(l) = -l**2 + 5*l - 2. Let t be q(4). Suppose k + a - 14 = 0, -t*k + 63 = -5*a - 0*a. What is the tens digit of k?
1
Suppose 8*q - 12*q = -12. What is the units digit of q?
3
What is the units digit of (-2)/7 - (-74)/14?
5
Suppose 2*t + 0*t - 52 = 0. Let w = 43 - t. What is the tens digit of w?
1
Suppose -5*l - 19 = 16. Let t = l + 10. Suppose -2*p = -o + t, 2*o - 5*o = -3*p - 18. What is the units digit of o?
9
What is the tens digit of (-1841)/(-35) - (-4)/10?
5
Let o be 1 + 3 - 2 - -2. Suppose -3*h = h + o*z + 20, -2*z - 10 = 3*h. Suppose -4*k - 3*l + 29 = 0, h = 2*k + l - 3 - 10. What is the units digit of k?
5
Let x = 2 - -5. Let u = 8 + x. What is the units digit of u?
5
Suppose -68 = -5*z + 3*z. What is the tens digit of z?
3
Suppose 12*v - 510 = 6*v. What is the tens digit of v?
8
Let u(z) = -z + 1. Let b(a) = 9*a - 5. Let j(g) = b(g) + 3*u(g). Let q(c) = c**2 + 2. Let t be q(0). What is the units digit of j(t)?
0
Let t be (-2 - 5/(-3))*-18. Let d(z) = 7 - z**2 + 0*z**2 + 4*z + 4*z. What is the units digit of d(t)?
9
Let m(h) = -3*h - 2. Let b be m(-9). Suppose -3*s = 2*k - b, -15 = -3*k + k - s. What is the units digit of k?
5
Suppose 3*u - 11 = -5*o, -5 + 36 = 4*o - 5*u. Let s = -8 + o. What is the units digit of ((-5)/s)/(2/8)?
5
Suppose 8 = 4*d, 2*v + 7*d = 2*d + 20. Suppose b + b + 45 = v*o, 5*o - 45 = -4*b. What is the units digit of o?
9
Suppose 4*u = -0*u + 5*k + 51, 0 = 5*k + 15. What is the units digit of u?
9
Let p = 4 - 6. What is the tens digit of p/(-10) + (-89)/(-5)?
1
Suppose -2*c + 0*c + 10 = 0. What is the units digit of c?
5
Let a = -22 - -26. What is the units digit of a?
4
Suppose -12 = 13*m - 17*m. Suppose -4*t = 4*p + 8, 4*t - 7 = -0*p - p. Suppose -t = -4*n + m*n. What is the units digit of n?
3
Let z = 5 + -1. Suppose -o = z*o - 10. What is the units digit of o?
2
Suppose -i + 96 = 2*i. What is the units digit of i?
2
Let w(l) = 4*l**3 - 3*l**2 + 4*l - 2. What is the tens digit of w(3)?
9
Let k be 1*(1 + (2 - 0)). Suppose 0 = 4*s + d - 22, 5*d + 1 - 26 = -k*s. Suppose -1 = v + 3*u, -5*u + 3*u + 47 = s*v. What is the units digit of v?
1
Suppose j = -j + k + 98, -k = 4*j - 184. Suppose -4*h = h - z + 39, 0 = 5*h - 3*z + j. Let x(q) = -q + 7. What is the tens digit of x(h)?
1
What is the hundreds digit of 168 + ((-2)/4)/(5/20)?
1
Suppose -84 = -2*c + 4*w, -3*c + 27 + 54 = 3*w. What is the units digit of c?
2
Let n(t) = -t**2 - 14*t + 14. What is the tens digit of n(-11)?
4
Let h = -33 + 47. Suppose -g = g - h. What is the units digit of g?
7
Let x(h) = 2*h**2 + 2*h - 2. Suppose 3 - 1 = -5*g - 4*p, 3*p + 19 = 5*g. Suppose -5*s - 6 = -g*s. What is the units digit of x(s)?
2
Suppose p = 5*p + 8. Let m be 1/(-2)*16/p. Suppose 4*y = 5*j + 3*y - 5, -5*j - m*y + 5 = 0. What is the units digit of j?
1
Suppose -14 = 5*t - m, 0*t - 16 = 4*t - 2*m. Let s be 3/(-1 - (-16)/18). What is the units digit of s/(-6) - 1/t?
5
Let m(s) = 70*s - 2. What is the hundreds digit of m(5)?
3
Let j = -11 + 8. Let g be (j/2)/((-6)/72). Let d = g + -6. What is the units digit of d?
2
Suppose -2*v = 2*v - 3*f - 37, -3*f = 4*v - 43. Suppose -74 - v = -3*l. What is the units digit of l?
8
Let s = -27 - -39